of 64 and l.
4
Suppose 9*p + 3*p = 6*p + 294. Calculate the greatest common factor of 791 and p.
7
Let c(z) = -6*z - 20. Let a = -84 - -80. Let p be c(a). Calculate the highest common divisor of p and 124.
4
Let h = -45 - -99. Let w be -21*1/((-6)/4). Let p be 12 - w - (2 + -85). What is the highest common factor of p and h?
27
Suppose 0 = -3*u + 5*f + 29, 8*u - 8*f - 16 = 7*u. Calculate the highest common factor of u and 1944.
8
Suppose -6*q = 11*q + 1836. Let l be (113/2)/1 + 54/q. Suppose -f + 11 = -3*s, 43 = -2*f + 5*f + s. Calculate the greatest common divisor of l and f.
14
Suppose -3*g + 4*d = 2*d - 259, d = -2. Suppose -5*p + 20 = -g. What is the highest common divisor of p and 7?
7
Let t = -2722 + 3829. Suppose 0*c + 28 = 4*c. Suppose -2*b - c*b = -t. Calculate the highest common factor of b and 82.
41
Let l(f) = -6*f**2 + 200*f - 42. Let z be l(32). Let k = 271 - z. What is the greatest common divisor of 15 and k?
3
Let c = -8390 - -8417. What is the greatest common divisor of 5481 and c?
27
Suppose 4*t = 3*t - 191. Let f = 209 + t. Let x = -2 + 29. Calculate the greatest common factor of f and x.
9
Let p = -45 - -47. Let a be (-2*1)/(0 + p/(-3)). Suppose -o + 0*o = -2*t - 51, -189 = -4*o + a*t. What is the highest common divisor of 15 and o?
15
Let d(r) = 7*r - 594. Let o be d(87). What is the highest common divisor of 7395 and o?
15
Let j = 9 + -10. Let b be ((1 + j)/(2/1))/(-1). Suppose 22*h - 19*h - 54 = b. Calculate the greatest common divisor of 45 and h.
9
Suppose -280091 = 16*n - 280379. What is the greatest common factor of 18 and n?
18
Let k(n) = n**2 - 5*n + 3. Let s be k(3). Let z be s/6*8*1/2. Let j be (-1)/z*-8 - -114. What is the greatest common factor of 20 and j?
10
Suppose -u = 4*u - 2405. Let s be (-1)/(1/(-3)) + u. Let b be ((-1078)/88 - (1 + -5))*(-48)/9. Calculate the highest common divisor of b and s.
44
Let s = 2497 - 2421. What is the greatest common divisor of s and 52?
4
Let l = 231 - 231. Suppose -62*f + 72*f - 320 = l. Calculate the highest common factor of f and 256.
32
Let g(w) = 837*w + 78. Let l be g(2). What is the highest common divisor of l and 24?
24
Suppose -5*s = -13*s - 240. Let w be ((-6)/9)/(5/s). Let u be 2*(4 + (-6)/w). What is the greatest common factor of 2 and u?
1
Let x(i) = 4*i + 1. Let v be x(2). Suppose v*d - 481 + 22 = 0. Let s(f) = 13*f - 6. Let q be s(7). Calculate the highest common factor of d and q.
17
Let w be (6686/(-90) - 42/378)*(-30)/9. Suppose -171 = -3*y + 3*m, 87 + 203 = 5*y - 4*m. Calculate the greatest common factor of w and y.
62
Suppose -1015*j = -989*j - 1404. What is the greatest common factor of j and 12015?
27
Let v(o) = 2*o**2 - 2*o - 4. Let j be v(4). Let z(h) = h**3 + 105*h**2 + 113*h + 966. Let a be z(-104). Calculate the greatest common factor of a and j.
10
Let b(o) = 6*o**3 - 4*o**2 - 3*o + 4. Let g be b(2). Let t be (-2)/(-5) + 228/g. Calculate the highest common factor of t and 12.
4
Let p(t) = -28*t + 227. Let l(m) = -15*m + 114. Let f(d) = -5*l(d) + 3*p(d). Let a be f(-18). Calculate the highest common factor of a and 182.
91
Suppose 50 = 3*n - 5*i, 4*n + 4*i = 2 + 54. Let f be (-4)/20 + 108/n + -4. What is the greatest common factor of 3 and f?
3
Let z(o) = o**3 + 10*o + 28. Let i be z(4). What is the greatest common divisor of 684 and i?
12
Let b(z) = -z**2 - 3*z + 15. Let l be b(-5). Suppose -l = -r + 2. Suppose 0 = -2*w + r*w - 30. Calculate the greatest common factor of w and 6.
6
Suppose -5*b = 3*o - 1027, 4*b - o - 281 = 527. Let t = -68 + 155. What is the highest common factor of b and t?
29
Let t be (1 + -35)/((-12 - 2255/(-99)) + -11). Calculate the highest common divisor of 85 and t.
17
Suppose 4 = -h + 5. Let d be 231/21 + 6*h. What is the highest common divisor of d and 187?
17
Let d = -19 - -18. Let c(j) be the first derivative of -9*j**4/2 + j**3/3 - j**2/2 - 2*j + 5. Let n be c(d). Calculate the highest common divisor of n and 12.
6
Let x = -36 - -108. Let l = 2541 - 2533. What is the greatest common factor of x and l?
8
Let n = -9 + 13. Let a(s) = -89*s + 8. Let i be a(-4). Suppose -14*b = -b - i. Calculate the greatest common divisor of n and b.
4
Let b(v) = v**2 - 2*v - 22. Let j be b(-4). Let d be j*-5*(-144)/120. What is the greatest common divisor of 42 and d?
6
Suppose -4*d - 52 = -4*k, -1 + 11 = 5*k. Let t = d - -20. Let z(h) = 7*h + 7. Let s be z(8). Calculate the greatest common divisor of t and s.
9
Let r(b) = b**3 + 8*b**2 - 7*b + 4. Let o be r(-7). Suppose 3*x + 3*t = 5*t + 34, 4*t + 20 = 2*x. Calculate the greatest common factor of x and o.
6
Let v(a) = 175*a + 1452. Let j be v(-8). Let o be (-4 + 4 - 4) + 2 - -119. Calculate the greatest common factor of j and o.
13
Let x(s) = 69*s - 384. Let c be x(11). Calculate the highest common divisor of 525 and c.
75
Let c(d) = 10*d**2 - 24*d + 83. Let q be c(5). Let n be q/15 - 20/(-25). Calculate the greatest common factor of 35 and n.
5
Let s(c) = 72*c**2 - 149*c + 1569. Let d be s(10). Calculate the highest common divisor of 58 and d.
29
Suppose -6*i - 1064 = 13*i. Let m(p) = 15*p - 9. Let d be m(9). Let n = d + i. Calculate the greatest common factor of n and 10.
10
Suppose 215*i - 220*i = 5, 4*i - 1296 = -2*d. Calculate the highest common divisor of 234 and d.
26
Let c(k) = 261*k**2 + 60*k - 319. Let g be c(4). Calculate the highest common divisor of g and 17.
17
Let d(g) = -1738*g - 147. Let k be d(-1). Calculate the highest common factor of 222 and k.
37
Suppose -7*a + 0 + 0 = 0. Suppose a = -4*h + 11*h - 112. What is the greatest common divisor of h and 16?
16
Let y be 44 + 12/(-10)*(-35)/(-21). Calculate the greatest common factor of 126 and y.
42
Suppose 1216 = 4*b + o, 0 = 3*b + 6*o - 3*o - 921. Suppose -14*c = -145 - b. What is the highest common factor of c and 40?
8
Suppose 0 = -5*t - 5 + 10, 4*t + 1 = b. Let n be (b - -1) + 1081/23. What is the greatest common divisor of 53 and n?
53
Let r(m) = 0*m + 4*m + 105 - 5*m - 14*m - 3*m. Let y be r(5). What is the highest common divisor of y and 1455?
15
Suppose -4*n + 288 = 296. Let o = -4 + 3. Let f be o/n - (-116)/8. What is the highest common divisor of 15 and f?
15
Suppose 5*w - 177 - 1217 = 216. Calculate the highest common divisor of 23 and w.
23
Let t be (21/(-588) + 109320/224)/(1/8). What is the highest common factor of t and 610?
122
Let s(b) = b**3 - 15*b**2 + 25*b + 29. Let l(p) = -8*p - 35. Let k be l(-6). Let r be s(k). Calculate the greatest common divisor of 88 and r.
8
Suppose i - 63*a + 58*a = 29470, 0 = -3*a - 21. Calculate the highest common divisor of 35 and i.
35
Suppose -44*t + 42*t = -4*y + 2310, -2*t + 1722 = 3*y. What is the highest common divisor of 2496 and y?
192
Suppose 4*j + 153 = -i + 516, -3*j = 3*i - 261. Suppose 0 = -71*h + 154*h - 22*h + 183*h - 56120. Calculate the highest common divisor of h and j.
46
Let v(l) = -l**3 + 17*l**2 + 11*l - 79. Let k be v(8). Calculate the greatest common divisor of k and 78.
39
Let h be (-6)/(-4 - (-25)/10). Let u be 7*-2*9/((-126)/h). Let w be 4 + 30 + -5 + u. What is the highest common factor of w and 11?
11
Let r(z) = -198*z - 3*z**2 - 8 + 189*z + 2*z**2. Let i be r(-7). What is the highest common divisor of 16 and i?
2
Suppose -17*q - 29*q = -48*q + 2356. What is the highest common factor of q and 372?
62
Suppose 4*n = -0*n + 3*q + 331, -2*n + 2*q + 168 = 0. What is the greatest common divisor of n and 79?
79
Let z be 2/(8/12) - 11. Let y(k) = 2*k**2 + 12*k + 11. Let x be y(z). Let v(j) = 8*j**2 - 2*j + 9. Let t be v(7). What is the highest common factor of t and x?
43
Suppose -54*w + 2332 + 1751 + 723 = 0. Calculate the highest common factor of 1 and w.
1
Suppose 4*l - 319 - 8346 = -3*o, -6495 = -3*l - 3*o. What is the greatest common divisor of 124 and l?
62
Let s(z) = 3*z**3 + z**2 - 2*z + 1. Let v(u) = -4*u - 15. Let x be v(-4). Let j be s(x). Let y = 8 - 5. What is the highest common factor of y and j?
3
Let l(z) = 2*z**3 - 42*z**2 + 40*z + 13. Let n be l(20). Let g(h) = h**2 - 5*h - 49. Let s be g(-5). Calculate the highest common factor of s and n.
1
Let p(o) = 2*o**2 - 9*o - 15. Let f be p(7). Let k be f/2*(-2 - 27/(-6)). Calculate the highest common factor of 50 and k.
25
Let a(c) = -c**3 + 7*c**2 - 4*c - 7. Let j(p) = 5*p + 16. Let z b